= m**2 + 6*m - 2. Suppose -72 = -0*l + 3*l. Let u = -30 - l. Calculate s(u).
-2
Let c = 12 - 9. Let d(o) = 4*o**c - 4*o**2 + 2*o**3 + 2*o**2 - 5*o**3 + 1. Suppose -3*t = -0*t - 3*v + 6, 5*v - 22 = -t. What is d(t)?
1
Let k(a) be the second derivative of a**2 - 1/3*a**3 + 0 - 7*a. Determine k(3).
-4
Let t be 2/(-11) + (-1928)/44. Let f = -21 - t. Let n = f - 24. Let r(b) = -3*b**3 - 2*b - 1. Give r(n).
4
Suppose -6 = 3*u - 5*t, 33*u - 38*u - 4*t = 47. Let p(b) = b**2 + 3*b - 24. Give p(u).
4
Let n(a) be the second derivative of -a**5/20 + a**4/2 - 2*a**3/3 - 5*a**2/2 - 4*a. Let m be (6/4)/((-12)/(-32)). Calculate n(m).
11
Let o(w) = w**3 + 2*w**2 + 5*w + 3. Let f(h) = -2*h**2 + 17*h - 10. Let n be f(8). Let u be o(n). Let m(k) = -k - 9. Calculate m(u).
-2
Let f(j) be the second derivative of 0 + 1/6*j**3 + 5/4*j**4 - 14*j + 1/2*j**2. Let n be 3/2*4/(-6). What is f(n)?
15
Let g(w) = 4*w + 2*w - 4*w + 4 - 5 - w. Let q be 2 + (-5 - -2) + 3. What is g(q)?
1
Let n(k) = k**3 + 8*k**2 - 11*k + 6. Suppose 0 = -2*s - 4*l + 2, -5*s + 2*l - 34 - 21 = 0. Calculate n(s).
24
Let a(u) = u**3 - 9*u**2 + u - 7. Suppose -12*i + 44*i - 288 = 0. Give a(i).
2
Suppose 7*l + 4 + 24 = 0. Let u(a) = -1. Let r(x) = -1. Let y(i) = 7*r(i) - 6*u(i). Let g(s) = s. Let t(c) = g(c) - 5*y(c). What is t(l)?
1
Suppose 21 = -5*v - 5*b - 4, -15 = v + 3*b. Let u(w) = v*w + 4*w - 7 - 5*w + 4*w. Let l(q) = -3*q + 7. Let x(t) = 5*l(t) + 6*u(t). What is x(5)?
8
Suppose 4*w + 1 - 25 = 0. Let r(q) = q**3 - 6*q**2 + 5*q - 9. Calculate r(w).
21
Let c(p) be the first derivative of -p**3/3 - 16*p - 381. What is c(0)?
-16
Let v(i) = -11*i**3 - 17*i**2 + 15*i - 4. Let j(m) = -7*m**3 - 11*m**2 + 10*m - 2. Let h(k) = -8*j(k) + 5*v(k). Give h(-4).
0
Let f(c) = -c**3 - 5*c**2 - 3*c - 5. Let w(m) = -m**3 - 2*m**2 + 2*m - 1. Suppose 0 = -3*h - 0*h - 27. Let s = 7 + h. Let g be w(s). Calculate f(g).
10
Let m(x) = 2*x**2 - 7*x + 7. Let q be m(5). Suppose -3*u = -h - 0*u + q, -20 = 4*u. Let f = -2 + h. Let v(g) = g**2 - 6*g - 2. Calculate v(f).
-7
Let j(w) be the third derivative of w**5/60 - 5*w**3 + 22*w**2. Let g(u) be the first derivative of j(u). Give g(-6).
-12
Let u(l) be the second derivative of l**4/4 - l**3/3 + 3*l. Suppose 0 = -c - 3*t + 26, 2*c - 4*t = -t + 7. Suppose 3*m = -5*s + c, -2*s = m - 5 + 1. Give u(m).
8
Let y = -57 - -52. Let i(d) = d + 2. Calculate i(y).
-3
Let k be (-4)/(-10) + 46/10. Let l(n) be the third derivative of -3*n**2 + 0 + 0*n + n**3 + 1/24*n**4. Give l(k).
11
Let c(v) = 5*v**3 - 5*v + 5. Let u(j) = j**3. Let p(i) = c(i) - 4*u(i). Give p(2).
3
Let u(y) be the second derivative of y**4/6 - 5*y**3/3 - y**2 + 97*y. Give u(5).
-2
Let z(o) = -3*o**2 + 3*o + 2. Suppose n + 8*w = 5*w + 6, -4*w - 8 = -4*n. What is z(n)?
-16
Let t = -55 - -29. Let l = 26 + t. Suppose -5*o - u = 21, l = -2*o - u - 1 - 5. Let h(y) = -y**2 - 6*y - 2. Give h(o).
3
Let i(a) = -4*a**2 + 0*a**2 + 6*a**2 + 4*a - a**2 + 6. Let r(z) = 2*z**2 + 7*z + 12. Let k(o) = -7*i(o) + 3*r(o). Determine k(-5).
4
Let u be 2 + (-4)/2 + -35 + 32. Let v(g) = g**3 + g**2 + 1. Determine v(u).
-17
Let i(o) be the second derivative of -o**4/6 - 7*o**3/6 + 7*o**2/2 - o + 63. Give i(-6).
-23
Let a(y) = 12*y. Let g be a(0). Let l(b) = b + 5. Calculate l(g).
5
Let j(w) be the first derivative of w**4/4 - w**2/2 - 1. Let x be j(-1). Suppose f + 2*f + 4*q - 15 = x, -4*f + 1 = -q. Let d(p) = -3*p + 1. Determine d(f).
-2
Let w = 87 + -87. Let p(i) = -8 - 27*i + 22*i - i**2 + w*i. Give p(-6).
-14
Let l(b) = -78*b**3 + 79*b**3 + 3*b**2 - 2*b + 5*b. Determine l(-2).
-2
Suppose 0*w - 2 = -w, 2*w = t + 2. Suppose 4*c + 6 = t. Let r(a) = 7*a**2 + a. What is r(c)?
6
Suppose 6*t + 7 = -23. Let d(u) = 6*u**2 + 32*u**3 + 4*u + 33*u**3 + 7 - 64*u**3. Calculate d(t).
12
Let f(i) = -17 + 1 + 20 + i. Determine f(4).
8
Let f = -20 - -29. Suppose 3*p - 3*b = 24, -p + 2*p - 24 = 5*b. Let c(h) = -10 + h + p - 9*h**2 + h**3 - 4 + 2. Determine c(f).
1
Let x(y) = -y + 12. Let p(o) = -38. Let k(a) = -a - 39. Let l(j) = 3*k(j) - 4*p(j). Let m(z) = 3*l(z) - 8*x(z). Calculate m(9).
0
Let u(v) = -3*v + 7. Let b be u(5). Let g(t) = 732*t**2 - 66*t - 34. Let s(a) = 133*a**2 - 13*a - 7. Let w(c) = -2*g(c) + 11*s(c). Calculate w(b).
15
Suppose -3*n - 27 = 8*g - 5*g, -4*g = n + 24. Let q(u) = -u**3 - 5*u**2 + 4*u + 1. Give q(g).
-19
Let v(q) = -3*q - 84 + 5*q + 0*q + 86. Determine v(1).
4
Let c(y) = y**3 + 4*y**2 - 11*y + 9. Let o be c(-6). Let v(q) = -o*q + q - 3*q - q - q**2. Suppose 4 = 3*n + 19. Determine v(n).
5
Let u = 24 - 21. Let x(p) = 1 - p**3 + 23*p**2 + 4*p + 1 - 27*p**2 - u*p. Give x(-3).
-10
Let p be 6/45*3*5. Let z(w) = w + w**p + w + 0*w**2 + 0*w - 2. Determine z(-6).
22
Let x(p) = p**2 - 4*p - 19. Let r be x(7). Let n(h) = 4*h + 4 + 0 + h**r - 6. Give n(-4).
-2
Let i(h) = -h**3 - h**2 - 2*h - 2. Suppose -w + 4*w - 3*s - 30 = 0, -w + 12 = -3*s. Let a = -6 - -13. Let g = a - w. Give i(g).
6
Suppose 2*v = -v. Let o(a) = -2*a - a + 4 + v*a. Let c = 626 - 621. What is o(c)?
-11
Suppose 21*w + 104 + 43 = 0. Let y(g) = g**3 + 8*g**2 + 2*g - 8. Determine y(w).
27
Let n(w) be the first derivative of -w**3/3 + 2*w**2 + 8*w + 2. Suppose -2*f = 3*j + 53, -3*j - 75 = 3*f - 0*j. Let b be 1 - 2 - 154/f. Determine n(b).
-4
Let u(s) = -s + 3. Let b be u(7). Let t(l) = 3*l + 0 - 5*l + l - 6. Calculate t(b).
-2
Let b(p) = 5*p + 25. Let i = -2310 + 2301. Give b(i).
-20
Let s(l) = -4*l**3 + 2*l**2 + l + 2. Let g(i) = 4*i**3 - 2*i**2 - 2*i - 2. Let b(x) = -3*g(x) - 2*s(x). Give b(-2).
34
Suppose -6*c - 306 = -40*c. Let x(m) = -m + 7. What is x(c)?
-2
Let f(c) = 4*c**2 + 7*c + 9. Let i(n) = -n**2 - 2*n - 3. Let d(p) = -2*f(p) - 7*i(p). Suppose 4*a = 7*a - 24. Suppose a*w = 4*w. Calculate d(w).
3
Let t(g) be the second derivative of -g**4/12 - g**3/6 - 7*g**2/2 + 526*g. Give t(0).
-7
Let z(c) be the second derivative of c**4/8 - c**3/2 + 7*c**2/2 + 28*c. Let d(k) be the first derivative of z(k). Give d(2).
3
Suppose 4*y - 20 = -4*d, -4*y + 5*d + 2 - 9 = 0. Let x(c) = -c + 5*c - y - 2. Determine x(3).
8
Let x(w) = -2*w - 2. Let o = -339 + 327. What is x(o)?
22
Let a(q) = q - 13. Let u be (14/8)/(6/24). Calculate a(u).
-6
Let w(h) = 2*h**2 + 36*h - 77. Let k be w(-20). Let y(l) be the second derivative of 7/2*l**2 + 2/3*l**k + l + 0. What is y(-6)?
-17
Let f(u) = -216*u**2 - 5*u - 6 + 431*u**2 - 216*u**2. Suppose -2*l = -0*l + 10. Determine f(l).
-6
Let p(z) be the first derivative of -2*z**2 + 4*z - 429. Calculate p(1).
0
Suppose 150*l = 154*l - 44. Let u(h) = h**3 - 11*h**2 + h - 5. What is u(l)?
6
Let p(n) = 2*n - 10. Suppose -15*k + 207 - 42 = 0. Determine p(k).
12
Let c(n) be the third derivative of 0 + 1/3*n**3 - 1/24*n**4 + 0*n + 4*n**2. Calculate c(5).
-3
Let r(o) = o**2 - 7*o. Suppose -10 = 4*g + i - 3*i, -3*g = 2*i - 3. Let v be 4*g/(-6)*27/6. Give r(v).
-12
Suppose -4*h - h - 8 = -w, 4*h = 4*w - 16. Let p(k) = 2*k**2 + 2*k**2 + 4*k**2 - 7*k - 2 - k**w + k**2. Determine p(8).
6
Let c(l) = 2*l**2 + 4*l + 2. Let p(m) = -20*m + 937. Let n be p(47). Give c(n).
8
Let x(t) be the second derivative of -t**5/20 - t**4/3 + 5*t**3/6 + t**2 - 26*t. Let l = 3 + 2. Let u(g) = g - 10. Let b be u(l). What is x(b)?
2
Let w(m) = -m**2 - m. Let a(h) = -2*h**2 + 3*h - 7. Let j(f) = -a(f) + 3*w(f). Let i(o) = -o**2 - 1. Let r be 6/3 - 0/(-3). Let y be i(r). What is j(y)?
12
Let p(v) be the third derivative of v**4/12 - v**3/6 - 2*v**2. What is p(-6)?
-13
Let q = 39 + -45. Let i(o) = -o**3 - 6*o**2 + o. Calculate i(q).
-6
Let j be (6/4)/3*6. Let n(b) = -7*b**2 + b + 3. Calculate n(j).
-57
Let l(u) = 7*u + 7. Let g(h) = 3. Let n(t) = -2*g(t) + l(t). Let v be 3 - (4 + (-2 - 0)). Calculate n(v).
8
Let b(j) = -j**3 + 8*j**2 - 4. Let o be 32/24*(1 + 5). Let s be b(o). Let p(z) = 65*z + 30. Let d(r) = -11*r - 5. Let g(k) = 35*d(k) + 6*p(k). Determine g(s).
-15
Let l(n) = 4*n + 1 - 5*n - n**2 + 0. Suppose 0 - 4 = -2*t + 4*g, 0 = -5*t + 2*g - 14. Let o be (((-126)/4)/(-9) - 3)*t. Give l(o).
-1
Let v(a) be the first derivative of a**4/4 - a**2 + 2*a + 1. Suppose i = 2*r - 6, 0 = 5*i + 6*r - r - 30. What is v(i)?
6
Let h(u) = 2 + 0*u**2 - 6 - 609*u + 616*u - u**2. Determine h(5).
6
Let g(p) = -3*p - 6*p**2 + 3 + p + 0 - p**3. Let k = 48 + -14. Let d = k - 39. Calculate g(d).
-12
Let a